 1988246.
26
What is the greatest common factor of 2160 and 18132?
12
What is the highest common divisor of 24 and 84510?
6
What is the greatest common factor of 693 and 41184?
99
What is the highest common factor of 11782 and 10664?
86
What is the greatest common divisor of 238 and 520625?
119
What is the highest common divisor of 7017 and 144?
3
Calculate the highest common divisor of 333348 and 852.
12
What is the highest common divisor of 128 and 27952?
16
Calculate the greatest common factor of 98 and 7231.
7
What is the highest common factor of 160 and 82780?
20
What is the greatest common divisor of 2958 and 6324?
102
Calculate the highest common factor of 5400 and 69675.
75
What is the greatest common divisor of 81 and 53325?
27
What is the highest common factor of 17304 and 252?
84
Calculate the greatest common factor of 86 and 4171.
43
Calculate the greatest common divisor of 2726 and 7018.
58
Calculate the greatest common divisor of 9 and 140409.
9
What is the greatest common factor of 21266 and 341?
31
What is the greatest common factor of 2 and 82981?
1
Calculate the highest common divisor of 286 and 321893.
143
Calculate the greatest common divisor of 141 and 310811.
47
Calculate the greatest common factor of 14450 and 100.
50
Calculate the highest common factor of 71896 and 68972.
172
Calculate the highest common divisor of 73349 and 205.
41
What is the greatest common divisor of 48 and 112744?
8
What is the highest common divisor of 114816 and 2852?
92
Calculate the highest common divisor of 186246 and 378.
54
What is the greatest common divisor of 63 and 2123373?
21
Calculate the highest common divisor of 22 and 483384.
22
What is the greatest common factor of 1530 and 67890?
30
What is the greatest common factor of 466375 and 205?
205
What is the highest common factor of 247 and 35511?
19
Calculate the highest common factor of 12 and 4736.
4
Calculate the highest common factor of 378 and 28770.
42
Calculate the greatest common divisor of 215062 and 586.
586
What is the greatest common factor of 52440 and 58520?
760
What is the greatest common factor of 462 and 798567?
231
Calculate the highest common divisor of 41 and 107297.
41
Calculate the highest common factor of 111830 and 15900.
530
Calculate the highest common divisor of 858 and 15664.
22
What is the highest common factor of 4 and 31778?
2
What is the highest common divisor of 104067 and 2611?
373
Calculate the greatest common factor of 2548 and 77077.
637
Calculate the highest common divisor of 383632 and 48.
16
Calculate the highest common divisor of 4275 and 1653.
57
What is the highest common divisor of 203626 and 34?
34
What is the greatest common divisor of 119 and 64634?
17
What is the greatest common divisor of 140 and 106470?
70
What is the greatest common divisor of 67584 and 132?
132
What is the greatest common factor of 6570 and 2235?
15
What is the greatest common factor of 31482 and 15579?
27
What is the highest common factor of 192 and 100544?
64
Calculate the highest common factor of 212966 and 26.
26
Calculate the greatest common factor of 5913 and 63.
9
Calculate the greatest common divisor of 24 and 1358952.
24
What is the highest common factor of 1284 and 1070?
214
Calculate the greatest common factor of 762 and 258.
6
Calculate the highest common divisor of 172825 and 892.
223
Calculate the highest common factor of 459660 and 5076.
564
What is the greatest common factor of 5196380 and 10?
10
Calculate the highest common factor of 10629 and 317689.
1181
Calculate the greatest common divisor of 3206 and 161674.
458
What is the greatest common factor of 20124 and 3546?
18
Calculate the highest common divisor of 1755 and 36405.
45
What is the greatest common factor of 63 and 23211?
9
What is the highest common factor of 615 and 203688?
123
What is the highest common divisor of 256099 and 116?
29
Calculate the greatest common factor of 147588 and 21.
21
Calculate the highest common divisor of 264 and 270432.
24
Calculate the highest common factor of 2340 and 650.
130
Calculate the highest common divisor of 91 and 52255.
7
Calculate the highest common factor of 1063339 and 53.
53
Calculate the greatest common factor of 1657160 and 2040.
680
What is the highest common factor of 109736 and 2200?
88
Calculate the highest common divisor of 10991174 and 116.
58
What is the highest common divisor of 67977 and 156?
39
Calculate the greatest common factor of 68 and 724472.
68
Calculate the highest common factor of 7 and 83.
1
Calculate the highest common factor of 15 and 561705.
15
Calculate the greatest common divisor of 2355 and 17835.
15
Calculate the highest common factor of 24500 and 525.
175
Calculate the highest common divisor of 28257 and 3.
3
What is the highest common divisor of 3935 and 155?
5
What is the highest common factor of 79743 and 7353?
57
What is the highest common divisor of 12258 and 908?
454
What is the greatest common divisor of 5 and 132035?
5
What is the greatest common divisor of 27692 and 4508?
644
Calculate the highest common divisor of 158888 and 24.
8
What is the highest common divisor of 279 and 1162965?
93
What is the greatest common factor of 11067 and 129549?
651
Calculate the greatest common divisor of 140 and 11886.
14
What is the highest common factor of 9585543 and 33?
33
What is the highest common divisor of 1144 and 127413?
143
Calculate the greatest common divisor of 168 and 65128.
56
What is the highest common factor of 7308 and 2898?
126
Calculate the highest common divisor of 124099 and 9002.
643
What is the highest common factor of 66160 and 560?
80
What is the greatest common divisor of 276 and 796?
4
Calculate the highest common divisor of 7101 and 36747.
27
What is the greatest common divisor of 127201 and 393?
131
What is the greatest common factor of 56 and 30716?
28
Calculate the greatest common factor of 294592 and 256.
64
Calculate the highest common factor of 32735 and 15.
5
Calculate the greatest common divisor of 195 and 160635.
15
What is the greatest common divisor of 6256 and 38216?
136
Calculate the highest common factor of 50252 and 544.
68
Calculate the greatest common divisor of 63 and 68754.
21
What is the greatest common divisor of 69 and 3404?
23
Calculate the greatest common divisor of 395915 and 130.
65
Calculate the greatest common divisor of 15 and 76305.
15
Calculate the greatest common factor of 36 and 880068.
12
What is the greatest common factor of 48629 and 14?
7
What is the greatest common factor of 166054 and 1218?
406
What is the highest common divisor of 32 and 5106768?
16
What is the greatest common divisor of 422920 and 776?
776
What is the greatest common divisor of 4228 and 105?
7
Calculate the greatest common factor of 2345 and 82390.
35
Calculate the highest common divisor of 1462 and 410908.
86
Calculate the greatest common divisor of 1798 and 3138409.
899
What is the highest common divisor of 36525 and 195?
15
Calculate the greatest common divisor of 11882 and 91.
13
What is the greatest common divisor of 1461615 and 135?
15
What is the highest common divisor of 2148393 and 26?
13
Calculate the greatest common divisor of 110065 and 20.
5
What is the highest common factor of 27 and 91881?
27
Calculate the greatest common divisor of 18894 and 16638.
282
Calculate the highest common factor of 66242 and 242.
22
Calculate the highest common divisor of 71 and 2187013.
71
Calculate the highest common factor of 2857 and 8.
1
What is the highest common divisor of 318642 and 828?
138
Calculate the greatest common factor of 623 and 8966839.
623
What is the greatest common divisor of 52056 and 2592?
216
Calculate the highest common divisor of 80 and 2480.
80
What is the greatest common factor of 301 and 4356975?
301
Calculate the highest common divisor of 101248 and 35256.
904
Calculate the highest common divisor of 15075192 and 16.
8
What is the greatest common divisor of 590117 and 2178?
121
What is the greatest common factor of 9 and 11241?
9
Calculate the highest common divisor of 342513 and 171.
171
What is the greatest common factor of 6797 and 83?
1
What is the highest common factor of 2530 and 1210?
110
What is the greatest common factor of 3588702 and 39?
39
What is the gr